{"id":23,"date":"2017-08-17T10:48:09","date_gmt":"2017-08-17T08:48:09","guid":{"rendered":"http:\/\/asti71.org\/?page_id=23"},"modified":"2026-02-03T18:39:21","modified_gmt":"2026-02-03T17:39:21","slug":"agir-avec-nous","status":"publish","type":"page","link":"https:\/\/asti71.org\/index.php\/agir-avec-nous\/","title":{"rendered":"Agir avec nous"},"content":{"rendered":"<div id=\"m_591028995396160236gmail-m_-3067191465128373yMail_cursorElementTracker_1508836609371\" dir=\"ltr\">\n<h2><span style=\"font-family: arial,helvetica,sans-serif;\">Il y a diff\u00e9rentes fa\u00e7ons d&rsquo;agir \u00e0 l&rsquo;Asti<br \/>\n<\/span><\/h2>\n<\/div>\n<p><span style=\"font-family: arial,helvetica,sans-serif;\">Donner des cours de fran\u00e7ais, faire du soutien scolaire, participer aux ateliers bricolage ou jardin, apporter une aide juridique, aider les personnes\u00a0 h\u00e9berg\u00e9es dans leur quotidien&#8230;\u00a0<\/span><\/p>\n<p><span style=\"font-family: arial,helvetica,sans-serif;\">Agir \u00e0 l&rsquo;Asti ce n&rsquo;est pas forc\u00e9ment s&rsquo;engager pour plusieurs heures par mois, ni avoir de grandes connaissances juridiques, cela peut \u00eatre tout simplement <\/span><span style=\"font-family: arial,helvetica,sans-serif;\">partager ponctuellement une promenade, une soir\u00e9e au cin\u00e9ma, votre passion pour l&rsquo;astronomie ou l\u2019ornithologie, etc. <\/span><span style=\"font-family: arial,helvetica,sans-serif;\">transporter une personne en voiture, accompagner quelqu&rsquo;un \u00e0 l&rsquo;h\u00f4pital, <\/span><span style=\"font-family: arial,helvetica,sans-serif;\">apporter un repas \u00e0 une famille d\u00e9munie.<\/span><\/p>\n<p><span style=\"font-family: arial,helvetica,sans-serif;\">Reportez-vous aux rubriques de nos diff\u00e9rentes activit\u00e9s <\/span><span style=\"font-family: arial,helvetica,sans-serif;\">afin de conna\u00eetre nos besoins, ou afin de nous faire une proposition.<\/span><\/p>\n<blockquote class=\"wp-embedded-content\" data-secret=\"jXqsTVmEYv\"><p><a href=\"https:\/\/asti71.org\/index.php\/agir-avec-nous\/devenir-benevole\/\">Devenir b\u00e9n\u00e9vole<\/a><\/p><\/blockquote>\n<p><iframe loading=\"lazy\" class=\"wp-embedded-content\" sandbox=\"allow-scripts\" security=\"restricted\" style=\"position: absolute; visibility: hidden;\" title=\"\u00ab\u00a0Devenir b\u00e9n\u00e9vole\u00a0\u00bb &#8212; ASTI 71\" src=\"https:\/\/asti71.org\/index.php\/agir-avec-nous\/devenir-benevole\/embed\/#?secret=WSVv6uXBI3#?secret=jXqsTVmEYv\" data-secret=\"jXqsTVmEYv\" width=\"600\" height=\"338\" frameborder=\"0\" marginwidth=\"0\" marginheight=\"0\" scrolling=\"no\"><\/iframe><\/p>\n<blockquote class=\"wp-embedded-content\" data-secret=\"FQppWdHtJJ\"><p><a href=\"https:\/\/asti71.org\/index.php\/nous-soutenir\/\">Nous soutenir<\/a><\/p><\/blockquote>\n<p><iframe loading=\"lazy\" class=\"wp-embedded-content\" sandbox=\"allow-scripts\" security=\"restricted\" style=\"position: absolute; visibility: hidden;\" title=\"\u00ab\u00a0Nous soutenir\u00a0\u00bb &#8212; ASTI 71\" src=\"https:\/\/asti71.org\/index.php\/nous-soutenir\/embed\/#?secret=GRXoqTsDhV#?secret=FQppWdHtJJ\" data-secret=\"FQppWdHtJJ\" width=\"600\" height=\"338\" frameborder=\"0\" marginwidth=\"0\" marginheight=\"0\" scrolling=\"no\"><\/iframe><\/p>\n","protected":false},"excerpt":{"rendered":"<p>Il y a diff\u00e9rentes fa\u00e7ons d&rsquo;agir \u00e0 l&rsquo;Asti Donner des cours de fran\u00e7ais, faire du soutien scolaire, participer aux ateliers bricolage ou jardin, apporter une aide juridique, aider les personnes\u00a0 h\u00e9berg\u00e9es dans leur quotidien&#8230;\u00a0 Agir \u00e0 l&rsquo;Asti ce n&rsquo;est pas forc\u00e9ment s&rsquo;engager pour plusieurs heures par mois, ni avoir de grandes connaissances juridiques, cela peut [&hellip;]<\/p>\n","protected":false},"author":1,"featured_media":0,"parent":0,"menu_order":10,"comment_status":"closed","ping_status":"closed","template":"","meta":{"footnotes":""},"class_list":["post-23","page","type-page","status-publish","hentry"],"yoast_head":"<!-- This site is optimized with the Yoast SEO plugin v27.3 - https:\/\/yoast.com\/product\/yoast-seo-wordpress\/ -->\n<title>Agir avec nous - ASTI 71<\/title>\n<meta name=\"description\" content=\"Il y a diff\u00e9rentes fa\u00e7ons d&#039;agir \u00e0 l&#039;Asti : b\u00e9n\u00e9volat pour nos diff\u00e9rents ateliers, don de mat\u00e9riel, don financier\" \/>\n<meta name=\"robots\" content=\"index, follow, max-snippet:-1, max-image-preview:large, max-video-preview:-1\" \/>\n<link rel=\"canonical\" href=\"https:\/\/asti71.org\/index.php\/agir-avec-nous\/\" \/>\n<meta property=\"og:locale\" content=\"fr_FR\" \/>\n<meta property=\"og:type\" content=\"article\" \/>\n<meta property=\"og:title\" content=\"Agir avec nous - ASTI 71\" \/>\n<meta property=\"og:description\" content=\"Il y a diff\u00e9rentes fa\u00e7ons d&#039;agir \u00e0 l&#039;Asti : b\u00e9n\u00e9volat pour nos diff\u00e9rents ateliers, don de mat\u00e9riel, don financier\" \/>\n<meta property=\"og:url\" content=\"https:\/\/asti71.org\/index.php\/agir-avec-nous\/\" \/>\n<meta property=\"og:site_name\" content=\"ASTI 71\" \/>\n<meta property=\"article:publisher\" content=\"https:\/\/www.facebook.com\/asti.chalon\/\" \/>\n<meta property=\"article:modified_time\" content=\"2026-02-03T17:39:21+00:00\" \/>\n<meta name=\"twitter:card\" content=\"summary_large_image\" \/>\n<meta name=\"twitter:label1\" content=\"Dur\u00e9e de lecture estim\u00e9e\" \/>\n\t<meta name=\"twitter:data1\" content=\"1 minute\" \/>\n<script type=\"application\/ld+json\" class=\"yoast-schema-graph\">{\"@context\":\"https:\\\/\\\/schema.org\",\"@graph\":[{\"@type\":\"WebPage\",\"@id\":\"https:\\\/\\\/asti71.org\\\/index.php\\\/agir-avec-nous\\\/\",\"url\":\"https:\\\/\\\/asti71.org\\\/index.php\\\/agir-avec-nous\\\/\",\"name\":\"Agir avec nous - ASTI 71\",\"isPartOf\":{\"@id\":\"https:\\\/\\\/asti71.org\\\/#website\"},\"datePublished\":\"2017-08-17T08:48:09+00:00\",\"dateModified\":\"2026-02-03T17:39:21+00:00\",\"description\":\"Il y a diff\u00e9rentes fa\u00e7ons d'agir \u00e0 l'Asti : b\u00e9n\u00e9volat pour nos diff\u00e9rents ateliers, don de mat\u00e9riel, don financier\",\"breadcrumb\":{\"@id\":\"https:\\\/\\\/asti71.org\\\/index.php\\\/agir-avec-nous\\\/#breadcrumb\"},\"inLanguage\":\"fr-FR\",\"potentialAction\":[{\"@type\":\"ReadAction\",\"target\":[\"https:\\\/\\\/asti71.org\\\/index.php\\\/agir-avec-nous\\\/\"]}]},{\"@type\":\"BreadcrumbList\",\"@id\":\"https:\\\/\\\/asti71.org\\\/index.php\\\/agir-avec-nous\\\/#breadcrumb\",\"itemListElement\":[{\"@type\":\"ListItem\",\"position\":1,\"name\":\"Accueil\",\"item\":\"https:\\\/\\\/asti71.org\\\/\"},{\"@type\":\"ListItem\",\"position\":2,\"name\":\"Agir avec nous\"}]},{\"@type\":\"WebSite\",\"@id\":\"https:\\\/\\\/asti71.org\\\/#website\",\"url\":\"https:\\\/\\\/asti71.org\\\/\",\"name\":\"ASTI 71\",\"description\":\"\",\"publisher\":{\"@id\":\"https:\\\/\\\/asti71.org\\\/#organization\"},\"potentialAction\":[{\"@type\":\"SearchAction\",\"target\":{\"@type\":\"EntryPoint\",\"urlTemplate\":\"https:\\\/\\\/asti71.org\\\/?s={search_term_string}\"},\"query-input\":{\"@type\":\"PropertyValueSpecification\",\"valueRequired\":true,\"valueName\":\"search_term_string\"}}],\"inLanguage\":\"fr-FR\"},{\"@type\":\"Organization\",\"@id\":\"https:\\\/\\\/asti71.org\\\/#organization\",\"name\":\"ASTI 71\",\"url\":\"https:\\\/\\\/asti71.org\\\/\",\"logo\":{\"@type\":\"ImageObject\",\"inLanguage\":\"fr-FR\",\"@id\":\"https:\\\/\\\/asti71.org\\\/#\\\/schema\\\/logo\\\/image\\\/\",\"url\":\"https:\\\/\\\/asti71.org\\\/wp-content\\\/uploads\\\/2017\\\/10\\\/cropped-logo-e1508600698583.png\",\"contentUrl\":\"https:\\\/\\\/asti71.org\\\/wp-content\\\/uploads\\\/2017\\\/10\\\/cropped-logo-e1508600698583.png\",\"width\":100,\"height\":67,\"caption\":\"ASTI 71\"},\"image\":{\"@id\":\"https:\\\/\\\/asti71.org\\\/#\\\/schema\\\/logo\\\/image\\\/\"},\"sameAs\":[\"https:\\\/\\\/www.facebook.com\\\/asti.chalon\\\/\"]}]}<\/script>\n<!-- \/ Yoast SEO plugin. -->","yoast_head_json":{"title":"Agir avec nous - ASTI 71","description":"Il y a diff\u00e9rentes fa\u00e7ons d'agir \u00e0 l'Asti : b\u00e9n\u00e9volat pour nos diff\u00e9rents ateliers, don de mat\u00e9riel, don financier","robots":{"index":"index","follow":"follow","max-snippet":"max-snippet:-1","max-image-preview":"max-image-preview:large","max-video-preview":"max-video-preview:-1"},"canonical":"https:\/\/asti71.org\/index.php\/agir-avec-nous\/","og_locale":"fr_FR","og_type":"article","og_title":"Agir avec nous - ASTI 71","og_description":"Il y a diff\u00e9rentes fa\u00e7ons d'agir \u00e0 l'Asti : b\u00e9n\u00e9volat pour nos diff\u00e9rents ateliers, don de mat\u00e9riel, don financier","og_url":"https:\/\/asti71.org\/index.php\/agir-avec-nous\/","og_site_name":"ASTI 71","article_publisher":"https:\/\/www.facebook.com\/asti.chalon\/","article_modified_time":"2026-02-03T17:39:21+00:00","twitter_card":"summary_large_image","twitter_misc":{"Dur\u00e9e de lecture estim\u00e9e":"1 minute"},"schema":{"@context":"https:\/\/schema.org","@graph":[{"@type":"WebPage","@id":"https:\/\/asti71.org\/index.php\/agir-avec-nous\/","url":"https:\/\/asti71.org\/index.php\/agir-avec-nous\/","name":"Agir avec nous - ASTI 71","isPartOf":{"@id":"https:\/\/asti71.org\/#website"},"datePublished":"2017-08-17T08:48:09+00:00","dateModified":"2026-02-03T17:39:21+00:00","description":"Il y a diff\u00e9rentes fa\u00e7ons d'agir \u00e0 l'Asti : b\u00e9n\u00e9volat pour nos diff\u00e9rents ateliers, don de mat\u00e9riel, don financier","breadcrumb":{"@id":"https:\/\/asti71.org\/index.php\/agir-avec-nous\/#breadcrumb"},"inLanguage":"fr-FR","potentialAction":[{"@type":"ReadAction","target":["https:\/\/asti71.org\/index.php\/agir-avec-nous\/"]}]},{"@type":"BreadcrumbList","@id":"https:\/\/asti71.org\/index.php\/agir-avec-nous\/#breadcrumb","itemListElement":[{"@type":"ListItem","position":1,"name":"Accueil","item":"https:\/\/asti71.org\/"},{"@type":"ListItem","position":2,"name":"Agir avec nous"}]},{"@type":"WebSite","@id":"https:\/\/asti71.org\/#website","url":"https:\/\/asti71.org\/","name":"ASTI 71","description":"","publisher":{"@id":"https:\/\/asti71.org\/#organization"},"potentialAction":[{"@type":"SearchAction","target":{"@type":"EntryPoint","urlTemplate":"https:\/\/asti71.org\/?s={search_term_string}"},"query-input":{"@type":"PropertyValueSpecification","valueRequired":true,"valueName":"search_term_string"}}],"inLanguage":"fr-FR"},{"@type":"Organization","@id":"https:\/\/asti71.org\/#organization","name":"ASTI 71","url":"https:\/\/asti71.org\/","logo":{"@type":"ImageObject","inLanguage":"fr-FR","@id":"https:\/\/asti71.org\/#\/schema\/logo\/image\/","url":"https:\/\/asti71.org\/wp-content\/uploads\/2017\/10\/cropped-logo-e1508600698583.png","contentUrl":"https:\/\/asti71.org\/wp-content\/uploads\/2017\/10\/cropped-logo-e1508600698583.png","width":100,"height":67,"caption":"ASTI 71"},"image":{"@id":"https:\/\/asti71.org\/#\/schema\/logo\/image\/"},"sameAs":["https:\/\/www.facebook.com\/asti.chalon\/"]}]}},"_links":{"self":[{"href":"https:\/\/asti71.org\/index.php\/wp-json\/wp\/v2\/pages\/23","targetHints":{"allow":["GET"]}}],"collection":[{"href":"https:\/\/asti71.org\/index.php\/wp-json\/wp\/v2\/pages"}],"about":[{"href":"https:\/\/asti71.org\/index.php\/wp-json\/wp\/v2\/types\/page"}],"author":[{"embeddable":true,"href":"https:\/\/asti71.org\/index.php\/wp-json\/wp\/v2\/users\/1"}],"replies":[{"embeddable":true,"href":"https:\/\/asti71.org\/index.php\/wp-json\/wp\/v2\/comments?post=23"}],"version-history":[{"count":5,"href":"https:\/\/asti71.org\/index.php\/wp-json\/wp\/v2\/pages\/23\/revisions"}],"predecessor-version":[{"id":2281,"href":"https:\/\/asti71.org\/index.php\/wp-json\/wp\/v2\/pages\/23\/revisions\/2281"}],"wp:attachment":[{"href":"https:\/\/asti71.org\/index.php\/wp-json\/wp\/v2\/media?parent=23"}],"curies":[{"name":"wp","href":"https:\/\/api.w.org\/{rel}","templated":true}]}}