{"id":31,"date":"2017-08-17T10:49:14","date_gmt":"2017-08-17T08:49:14","guid":{"rendered":"http:\/\/asti71.org\/?page_id=31"},"modified":"2026-04-07T10:00:18","modified_gmt":"2026-04-07T08:00:18","slug":"la-fasti","status":"publish","type":"page","link":"https:\/\/asti71.org\/index.php\/lasti\/la-fasti\/","title":{"rendered":"La FASTI"},"content":{"rendered":"<h2><span style=\"font-family: arial,helvetica,sans-serif;\"><strong>La <a href=\"http:\/\/www.fasti.org\/\">FASTI<\/a>, que l&rsquo;on peut appeler \u00ab\u00a0mouvement des ASTI\u00a0\u00bb, est une F\u00e9d\u00e9ration compos\u00e9e, en 2015, d&rsquo;une soixantaine d&rsquo;associations autonomes r\u00e9parties sur l&rsquo;ensemble du territoire fran\u00e7ais, caract\u00e9ris\u00e9es par leur travail quotidien de solidarit\u00e9 et de lutte avec les personnes immigr\u00e9es, pour l&rsquo;\u00e9galit\u00e9 des droit<\/strong>s.<\/span><\/h2>\n<p><span style=\"font-family: arial,helvetica,sans-serif;\">La F\u00e9d\u00e9ration oriente son action pour construire une soci\u00e9t\u00e9 multiculturelle, qui favorise l&rsquo;auto-organisation des personnes.\u00a0 <\/span><\/p>\n<p><span style=\"font-family: arial,helvetica,sans-serif;\">Elle lutte contre toutes les discriminations, le racisme et le sexisme. <\/span><\/p>\n<p><span style=\"font-family: arial,helvetica,sans-serif;\">La volont\u00e9 du Mouvement est de travailler de mani\u00e8re d\u00e9centralis\u00e9e, avec un partage et une r\u00e9partition large des pouvoirs et des responsabilit\u00e9s.<\/span><\/p>\n<p><span style=\"font-family: arial,helvetica,sans-serif;\">La FASTI s&rsquo;est constitu\u00e9e en 1967 autour des combats des immigr\u00e9-e-s des bidonvilles de la r\u00e9gion parisienne pour leurs droits.<\/span><\/p>\n<p><span style=\"font-family: arial,helvetica,sans-serif;\">L&rsquo;objet statutaire de la F\u00e9r\u00e9ration est de regrouper les Associations de Solidarit\u00e9 avec Tou-te-s les Immigr\u00e9-e-s (ASTI) sur l&rsquo;ensemble du territoire, en vue\u00a0:<\/span><\/p>\n<ul>\n<li><span style=\"font-family: arial,helvetica,sans-serif;\">de coordonner leurs actions et de faciliter les \u00e9changes mutuels d&rsquo;informations, de r\u00e9flexions et d&rsquo;exp\u00e9riences<\/span><\/li>\n<li><span style=\"font-family: arial,helvetica,sans-serif;\">d&rsquo;apporter aux associations affili\u00e9es toute l&rsquo;aide n\u00e9cessaire \u00e0 l&rsquo;accomplissement de leur t\u00e2che, et, en particulier, d&rsquo;assurer au niveau national leur repr\u00e9sentation aupr\u00e8s des pouvoirs publics<\/span><\/li>\n<li><span style=\"font-family: arial,helvetica,sans-serif;\">de favoriser l&rsquo;existence et le d\u00e9veloppement de structures d\u00e9partementales et r\u00e9gionales contr\u00f4l\u00e9es par les ASTI et charg\u00e9es de coordonner leurs actions, d&rsquo;animer leur r\u00e9flexion et d&rsquo;assurer la repr\u00e9sentation des ASTI de la r\u00e9gion, du d\u00e9partement et de la FASTI aupr\u00e8s des pouvoirs publics r\u00e9gionaux et d\u00e9partementaux<\/span><\/li>\n<li><span style=\"font-family: arial,helvetica,sans-serif;\">de cr\u00e9er, par une meilleure connaissance des immigr\u00e9-e-s et de leur familles, un mouvement d&rsquo;opinion de solidarit\u00e9, dans le respect de leur identit\u00e9 culturelle<\/span><\/li>\n<li><span style=\"font-family: arial,helvetica,sans-serif;\">de promouvoir avec les personnes immigr\u00e9es, l&rsquo;\u00e9ducation populaire, les conditions d&rsquo;accueil, les conditions d&rsquo;une cohabitation r\u00e9ussie des personnes fran\u00e7aises et des personnes immigr\u00e9-e-s dans une soci\u00e9t\u00e9 multiculturelle, de lutter pour \u00e9tablir l&rsquo;\u00e9galit\u00e9 des droits entre personnes fran\u00e7aises et personnes immigr\u00e9es ainsi que pour le respect des libert\u00e9s individuelles en r\u00e9f\u00e9rence avec la D\u00e9claration Universelle des Droits de l&rsquo;Homme et les recommandations des organisations internationales<\/span><\/li>\n<li><span style=\"font-family: arial,helvetica,sans-serif;\">de lutter contre toutes les formes de discriminations. La F\u00e9d\u00e9ration est ind\u00e9pendante de tout regroupement \u00e0 caract\u00e8re politique, confessionnel ou syndical. La F\u00e9d\u00e9ration milite et agit cependant avec toutes les organisations qui m\u00e8nent une action de promotion et de lib\u00e9ration sur le plan de l&rsquo;immigration allant dans le sens du pr\u00e9sent projet.<\/span><\/li>\n<\/ul>\n<p align=\"right\"><span style=\"font-family: arial,helvetica,sans-serif;\">Extrait des statuts de la FASTI<\/span><\/p>\n<p style=\"text-align: left;\" align=\"right\">Vous trouverez plus d&rsquo;information sur le site de la FASTI :<\/p>\n<p style=\"text-align: left;\" align=\"right\"><a href=\"https:\/\/www.fasti.org\/\">https:\/\/www.fasti.org\/<\/a><\/p>\n","protected":false},"excerpt":{"rendered":"<p>La FASTI, que l&rsquo;on peut appeler \u00ab\u00a0mouvement des ASTI\u00a0\u00bb, est une F\u00e9d\u00e9ration compos\u00e9e, en 2015, d&rsquo;une soixantaine d&rsquo;associations autonomes r\u00e9parties sur l&rsquo;ensemble du territoire fran\u00e7ais, caract\u00e9ris\u00e9es par leur travail quotidien de solidarit\u00e9 et de lutte avec les personnes immigr\u00e9es, pour l&rsquo;\u00e9galit\u00e9 des droits. La F\u00e9d\u00e9ration oriente son action pour construire une soci\u00e9t\u00e9 multiculturelle, qui favorise [&hellip;]<\/p>\n","protected":false},"author":1,"featured_media":0,"parent":14,"menu_order":0,"comment_status":"closed","ping_status":"closed","template":"","meta":{"footnotes":""},"class_list":["post-31","page","type-page","status-publish","hentry"],"yoast_head":"<!-- This site is optimized with the Yoast SEO plugin v27.3 - https:\/\/yoast.com\/product\/yoast-seo-wordpress\/ -->\n<title>La FASTI - ASTI 71<\/title>\n<meta name=\"description\" content=\"Qu&#039;est-ce que la FASTI, f\u00e9d\u00e9ration qui regroupe les ASTI de toute la France ?\" \/>\n<meta name=\"robots\" content=\"index, follow, max-snippet:-1, max-image-preview:large, max-video-preview:-1\" \/>\n<link rel=\"canonical\" href=\"https:\/\/asti71.org\/index.php\/lasti\/la-fasti\/\" \/>\n<meta property=\"og:locale\" content=\"fr_FR\" \/>\n<meta property=\"og:type\" content=\"article\" \/>\n<meta property=\"og:title\" content=\"La FASTI - ASTI 71\" \/>\n<meta property=\"og:description\" content=\"Qu&#039;est-ce que la FASTI, f\u00e9d\u00e9ration qui regroupe les ASTI de toute la France ?\" \/>\n<meta property=\"og:url\" content=\"https:\/\/asti71.org\/index.php\/lasti\/la-fasti\/\" \/>\n<meta property=\"og:site_name\" content=\"ASTI 71\" \/>\n<meta property=\"article:publisher\" content=\"https:\/\/www.facebook.com\/asti.chalon\/\" \/>\n<meta property=\"article:modified_time\" content=\"2026-04-07T08:00:18+00:00\" \/>\n<meta name=\"twitter:card\" content=\"summary_large_image\" \/>\n<meta name=\"twitter:label1\" content=\"Dur\u00e9e de lecture estim\u00e9e\" \/>\n\t<meta name=\"twitter:data1\" content=\"2 minutes\" \/>\n<script type=\"application\/ld+json\" class=\"yoast-schema-graph\">{\"@context\":\"https:\\\/\\\/schema.org\",\"@graph\":[{\"@type\":\"WebPage\",\"@id\":\"https:\\\/\\\/asti71.org\\\/index.php\\\/lasti\\\/la-fasti\\\/\",\"url\":\"https:\\\/\\\/asti71.org\\\/index.php\\\/lasti\\\/la-fasti\\\/\",\"name\":\"La FASTI - ASTI 71\",\"isPartOf\":{\"@id\":\"https:\\\/\\\/asti71.org\\\/#website\"},\"datePublished\":\"2017-08-17T08:49:14+00:00\",\"dateModified\":\"2026-04-07T08:00:18+00:00\",\"description\":\"Qu'est-ce que la FASTI, f\u00e9d\u00e9ration qui regroupe les ASTI de toute la France ?\",\"breadcrumb\":{\"@id\":\"https:\\\/\\\/asti71.org\\\/index.php\\\/lasti\\\/la-fasti\\\/#breadcrumb\"},\"inLanguage\":\"fr-FR\",\"potentialAction\":[{\"@type\":\"ReadAction\",\"target\":[\"https:\\\/\\\/asti71.org\\\/index.php\\\/lasti\\\/la-fasti\\\/\"]}]},{\"@type\":\"BreadcrumbList\",\"@id\":\"https:\\\/\\\/asti71.org\\\/index.php\\\/lasti\\\/la-fasti\\\/#breadcrumb\",\"itemListElement\":[{\"@type\":\"ListItem\",\"position\":1,\"name\":\"Accueil\",\"item\":\"https:\\\/\\\/asti71.org\\\/\"},{\"@type\":\"ListItem\",\"position\":2,\"name\":\"L&rsquo;ASTI\",\"item\":\"https:\\\/\\\/asti71.org\\\/index.php\\\/lasti\\\/\"},{\"@type\":\"ListItem\",\"position\":3,\"name\":\"La FASTI\"}]},{\"@type\":\"WebSite\",\"@id\":\"https:\\\/\\\/asti71.org\\\/#website\",\"url\":\"https:\\\/\\\/asti71.org\\\/\",\"name\":\"ASTI 71\",\"description\":\"\",\"publisher\":{\"@id\":\"https:\\\/\\\/asti71.org\\\/#organization\"},\"potentialAction\":[{\"@type\":\"SearchAction\",\"target\":{\"@type\":\"EntryPoint\",\"urlTemplate\":\"https:\\\/\\\/asti71.org\\\/?s={search_term_string}\"},\"query-input\":{\"@type\":\"PropertyValueSpecification\",\"valueRequired\":true,\"valueName\":\"search_term_string\"}}],\"inLanguage\":\"fr-FR\"},{\"@type\":\"Organization\",\"@id\":\"https:\\\/\\\/asti71.org\\\/#organization\",\"name\":\"ASTI 71\",\"url\":\"https:\\\/\\\/asti71.org\\\/\",\"logo\":{\"@type\":\"ImageObject\",\"inLanguage\":\"fr-FR\",\"@id\":\"https:\\\/\\\/asti71.org\\\/#\\\/schema\\\/logo\\\/image\\\/\",\"url\":\"https:\\\/\\\/asti71.org\\\/wp-content\\\/uploads\\\/2017\\\/10\\\/cropped-logo-e1508600698583.png\",\"contentUrl\":\"https:\\\/\\\/asti71.org\\\/wp-content\\\/uploads\\\/2017\\\/10\\\/cropped-logo-e1508600698583.png\",\"width\":100,\"height\":67,\"caption\":\"ASTI 71\"},\"image\":{\"@id\":\"https:\\\/\\\/asti71.org\\\/#\\\/schema\\\/logo\\\/image\\\/\"},\"sameAs\":[\"https:\\\/\\\/www.facebook.com\\\/asti.chalon\\\/\"]}]}<\/script>\n<!-- \/ Yoast SEO plugin. -->","yoast_head_json":{"title":"La FASTI - ASTI 71","description":"Qu'est-ce que la FASTI, f\u00e9d\u00e9ration qui regroupe les ASTI de toute la France ?","robots":{"index":"index","follow":"follow","max-snippet":"max-snippet:-1","max-image-preview":"max-image-preview:large","max-video-preview":"max-video-preview:-1"},"canonical":"https:\/\/asti71.org\/index.php\/lasti\/la-fasti\/","og_locale":"fr_FR","og_type":"article","og_title":"La FASTI - ASTI 71","og_description":"Qu'est-ce que la FASTI, f\u00e9d\u00e9ration qui regroupe les ASTI de toute la France ?","og_url":"https:\/\/asti71.org\/index.php\/lasti\/la-fasti\/","og_site_name":"ASTI 71","article_publisher":"https:\/\/www.facebook.com\/asti.chalon\/","article_modified_time":"2026-04-07T08:00:18+00:00","twitter_card":"summary_large_image","twitter_misc":{"Dur\u00e9e de lecture estim\u00e9e":"2 minutes"},"schema":{"@context":"https:\/\/schema.org","@graph":[{"@type":"WebPage","@id":"https:\/\/asti71.org\/index.php\/lasti\/la-fasti\/","url":"https:\/\/asti71.org\/index.php\/lasti\/la-fasti\/","name":"La FASTI - ASTI 71","isPartOf":{"@id":"https:\/\/asti71.org\/#website"},"datePublished":"2017-08-17T08:49:14+00:00","dateModified":"2026-04-07T08:00:18+00:00","description":"Qu'est-ce que la FASTI, f\u00e9d\u00e9ration qui regroupe les ASTI de toute la France ?","breadcrumb":{"@id":"https:\/\/asti71.org\/index.php\/lasti\/la-fasti\/#breadcrumb"},"inLanguage":"fr-FR","potentialAction":[{"@type":"ReadAction","target":["https:\/\/asti71.org\/index.php\/lasti\/la-fasti\/"]}]},{"@type":"BreadcrumbList","@id":"https:\/\/asti71.org\/index.php\/lasti\/la-fasti\/#breadcrumb","itemListElement":[{"@type":"ListItem","position":1,"name":"Accueil","item":"https:\/\/asti71.org\/"},{"@type":"ListItem","position":2,"name":"L&rsquo;ASTI","item":"https:\/\/asti71.org\/index.php\/lasti\/"},{"@type":"ListItem","position":3,"name":"La FASTI"}]},{"@type":"WebSite","@id":"https:\/\/asti71.org\/#website","url":"https:\/\/asti71.org\/","name":"ASTI 71","description":"","publisher":{"@id":"https:\/\/asti71.org\/#organization"},"potentialAction":[{"@type":"SearchAction","target":{"@type":"EntryPoint","urlTemplate":"https:\/\/asti71.org\/?s={search_term_string}"},"query-input":{"@type":"PropertyValueSpecification","valueRequired":true,"valueName":"search_term_string"}}],"inLanguage":"fr-FR"},{"@type":"Organization","@id":"https:\/\/asti71.org\/#organization","name":"ASTI 71","url":"https:\/\/asti71.org\/","logo":{"@type":"ImageObject","inLanguage":"fr-FR","@id":"https:\/\/asti71.org\/#\/schema\/logo\/image\/","url":"https:\/\/asti71.org\/wp-content\/uploads\/2017\/10\/cropped-logo-e1508600698583.png","contentUrl":"https:\/\/asti71.org\/wp-content\/uploads\/2017\/10\/cropped-logo-e1508600698583.png","width":100,"height":67,"caption":"ASTI 71"},"image":{"@id":"https:\/\/asti71.org\/#\/schema\/logo\/image\/"},"sameAs":["https:\/\/www.facebook.com\/asti.chalon\/"]}]}},"_links":{"self":[{"href":"https:\/\/asti71.org\/index.php\/wp-json\/wp\/v2\/pages\/31","targetHints":{"allow":["GET"]}}],"collection":[{"href":"https:\/\/asti71.org\/index.php\/wp-json\/wp\/v2\/pages"}],"about":[{"href":"https:\/\/asti71.org\/index.php\/wp-json\/wp\/v2\/types\/page"}],"author":[{"embeddable":true,"href":"https:\/\/asti71.org\/index.php\/wp-json\/wp\/v2\/users\/1"}],"replies":[{"embeddable":true,"href":"https:\/\/asti71.org\/index.php\/wp-json\/wp\/v2\/comments?post=31"}],"version-history":[{"count":9,"href":"https:\/\/asti71.org\/index.php\/wp-json\/wp\/v2\/pages\/31\/revisions"}],"predecessor-version":[{"id":2538,"href":"https:\/\/asti71.org\/index.php\/wp-json\/wp\/v2\/pages\/31\/revisions\/2538"}],"up":[{"embeddable":true,"href":"https:\/\/asti71.org\/index.php\/wp-json\/wp\/v2\/pages\/14"}],"wp:attachment":[{"href":"https:\/\/asti71.org\/index.php\/wp-json\/wp\/v2\/media?parent=31"}],"curies":[{"name":"wp","href":"https:\/\/api.w.org\/{rel}","templated":true}]}}