{"id":49,"date":"2017-08-17T10:52:18","date_gmt":"2017-08-17T08:52:18","guid":{"rendered":"http:\/\/asti71.org\/?page_id=49"},"modified":"2026-04-02T16:41:12","modified_gmt":"2026-04-02T14:41:12","slug":"accompagnement-scolaire","status":"publish","type":"page","link":"https:\/\/asti71.org\/index.php\/nos-actions\/accompagnement-scolaire\/","title":{"rendered":"L&rsquo;accompagnement \u00e0 la scolarit\u00e9"},"content":{"rendered":"<h2><span style=\"font-family: arial,helvetica,sans-serif;\">Accompagnement dans les apprentissages du primaire et le d\u00e9veloppement des connaissances dans le secondaire.<\/span><\/h2>\n<p style=\"text-align: justify;\"><span style=\"font-family: georgia, palatino, serif;\"><strong>Une dizaine de b\u00e9n\u00e9voles accompagne une quarantaine d\u2019enfants et d\u2019adolescents dans l\u2019acquisition des apprentissages.<\/strong><\/span><\/p>\n<p><span style=\"font-family: georgia, palatino, serif;\">Chaque mercredi, l&rsquo;ASTI accueille des enfants de primaire. Les liens sont \u00e9troits avec l\u2019\u00e9cole et les enseignants. <\/span><\/p>\n<p><span style=\"font-family: georgia, palatino, serif;\">Il s\u2019agit d\u2019un accompagnement, d\u2019un soutien, d\u2019un \u00e9change. <\/span><\/p>\n<p><span style=\"font-family: georgia, palatino, serif;\">Les enfants b\u00e9n\u00e9ficient d&rsquo;une heure d&rsquo;aide aux devoirs en individuel avec un b\u00e9n\u00e9vole et d&rsquo;une heure d&rsquo;activit\u00e9 (artistique, culturelle, &#8230;) en petit groupe.<\/span><\/p>\n<p style=\"text-align: justify;\"><span style=\"font-family: georgia, palatino, serif;\">Les autres soirs de la semaine, apr\u00e8s le coll\u00e8ge de 17h \u00e0 19h, l\u2019ASTI ouvre ses portes pour accueillir les adolescents. L\u2019inscription est libre et volontaire.<\/span><\/p>\n<p style=\"text-align: justify;\"><span style=\"font-family: georgia, palatino, serif;\">Les b\u00e9n\u00e9voles sont pr\u00e9sents pour encourager, travailler la m\u00e9thodologie, aider \u00e0 se r\u00e9f\u00e9rer au contenu des cours pour r\u00e9aliser les exercices. <\/span><\/p>\n<p style=\"text-align: justify;\"><span style=\"font-family: georgia, palatino, serif;\">Il s\u2019agit de motiver les jeunes dans leur apprentissage et d\u2019\u00e9largir leur culture en apportant un enrichissement. <\/span><\/p>\n<p style=\"text-align: justify;\"><span style=\"font-family: georgia, palatino, serif;\">Il est aussi int\u00e9ressant d\u2019\u00e9changer parfois avec eux sur l\u2019actualit\u00e9 pour les aider \u00e0 entrer dans les valeurs de notre R\u00e9publique.<\/span><\/p>\n<p style=\"text-align: justify;\"><span style=\"font-family: georgia, palatino, serif;\">Durant les vacances scolaires des activit\u00e9s culturelles et ludiques sont propos\u00e9es.<\/span><\/p>\n<p><a href=\"https:\/\/asti71.org\/wp-content\/uploads\/2022\/10\/IMG-20221021-WA0001.jpg\" data-rel=\"lightbox-image-0\" data-rl_title=\"\" data-rl_caption=\"\" title=\"\"><img loading=\"lazy\" decoding=\"async\" class=\"alignnone size-medium wp-image-1747\" src=\"https:\/\/asti71.org\/wp-content\/uploads\/2022\/10\/IMG-20221021-WA0001-300x225.jpg\" alt=\"\" width=\"300\" height=\"225\" srcset=\"https:\/\/asti71.org\/wp-content\/uploads\/2022\/10\/IMG-20221021-WA0001-300x225.jpg 300w, https:\/\/asti71.org\/wp-content\/uploads\/2022\/10\/IMG-20221021-WA0001-1024x768.jpg 1024w, https:\/\/asti71.org\/wp-content\/uploads\/2022\/10\/IMG-20221021-WA0001-768x576.jpg 768w, https:\/\/asti71.org\/wp-content\/uploads\/2022\/10\/IMG-20221021-WA0001-1536x1152.jpg 1536w, https:\/\/asti71.org\/wp-content\/uploads\/2022\/10\/IMG-20221021-WA0001-110x83.jpg 110w, https:\/\/asti71.org\/wp-content\/uploads\/2022\/10\/IMG-20221021-WA0001-420x315.jpg 420w, https:\/\/asti71.org\/wp-content\/uploads\/2022\/10\/IMG-20221021-WA0001-573x430.jpg 573w, https:\/\/asti71.org\/wp-content\/uploads\/2022\/10\/IMG-20221021-WA0001.jpg 1600w\" sizes=\"auto, (max-width: 300px) 100vw, 300px\" \/><\/a> <a href=\"https:\/\/asti71.org\/wp-content\/uploads\/2022\/10\/Accompagnement-a-la-scolarite.jpg\" data-rel=\"lightbox-image-1\" data-rl_title=\"\" data-rl_caption=\"\" title=\"\">\u00a0 \u00a0 <img loading=\"lazy\" decoding=\"async\" class=\"alignnone size-medium wp-image-1748\" src=\"https:\/\/asti71.org\/wp-content\/uploads\/2022\/10\/Accompagnement-a-la-scolarite-300x225.jpg\" alt=\"\" width=\"300\" height=\"225\" srcset=\"https:\/\/asti71.org\/wp-content\/uploads\/2022\/10\/Accompagnement-a-la-scolarite-300x225.jpg 300w, https:\/\/asti71.org\/wp-content\/uploads\/2022\/10\/Accompagnement-a-la-scolarite-1024x768.jpg 1024w, https:\/\/asti71.org\/wp-content\/uploads\/2022\/10\/Accompagnement-a-la-scolarite-768x576.jpg 768w, https:\/\/asti71.org\/wp-content\/uploads\/2022\/10\/Accompagnement-a-la-scolarite-110x83.jpg 110w, https:\/\/asti71.org\/wp-content\/uploads\/2022\/10\/Accompagnement-a-la-scolarite-420x315.jpg 420w, https:\/\/asti71.org\/wp-content\/uploads\/2022\/10\/Accompagnement-a-la-scolarite-573x430.jpg 573w, https:\/\/asti71.org\/wp-content\/uploads\/2022\/10\/Accompagnement-a-la-scolarite.jpg 1249w\" sizes=\"auto, (max-width: 300px) 100vw, 300px\" \/><\/a><\/p>\n<p>&nbsp;<\/p>\n<p><strong>Nos derniers articles\u00a0\u00a0<\/strong> <a href=\"https:\/\/asti71.org\/index.php\/category\/en-direct-des-ateliers\/accompagnement-a-la-scolarite\/\">Accompagnement \u00e0 la scolarit\u00e9<\/a><\/p>\n<p>&nbsp;<\/p>\n<p><span style=\"font-family: arial, helvetica, sans-serif;\">Vous souhaitez rejoindre notre \u00e9quipe de b\u00e9n\u00e9voles concernant cet atelier, ou simplement leur poser une question, prenez contact avec nous.<\/span><\/p>\n<p><span style=\"font-family: arial, helvetica, sans-serif;\">\n<div class=\"wpcf7 no-js\" id=\"wpcf7-f578-o1\" lang=\"fr-FR\" dir=\"ltr\" data-wpcf7-id=\"578\">\n<div class=\"screen-reader-response\"><p role=\"status\" aria-live=\"polite\" aria-atomic=\"true\"><\/p> <ul><\/ul><\/div>\n<form action=\"\/index.php\/wp-json\/wp\/v2\/pages\/49#wpcf7-f578-o1\" method=\"post\" class=\"wpcf7-form init\" aria-label=\"Formulaire de contact\" novalidate=\"novalidate\" data-status=\"init\">\n<fieldset class=\"hidden-fields-container\"><input type=\"hidden\" name=\"_wpcf7\" value=\"578\" \/><input type=\"hidden\" name=\"_wpcf7_version\" value=\"6.1.5\" \/><input type=\"hidden\" name=\"_wpcf7_locale\" value=\"fr_FR\" \/><input type=\"hidden\" name=\"_wpcf7_unit_tag\" value=\"wpcf7-f578-o1\" \/><input type=\"hidden\" name=\"_wpcf7_container_post\" value=\"0\" \/><input type=\"hidden\" name=\"_wpcf7_posted_data_hash\" value=\"\" \/><input type=\"hidden\" name=\"_wpcf7cf_hidden_group_fields\" value=\"[]\" \/><input type=\"hidden\" name=\"_wpcf7cf_hidden_groups\" value=\"[]\" \/><input type=\"hidden\" name=\"_wpcf7cf_visible_groups\" value=\"[]\" \/><input type=\"hidden\" name=\"_wpcf7cf_repeaters\" value=\"[]\" \/><input type=\"hidden\" name=\"_wpcf7cf_steps\" value=\"{}\" \/><input type=\"hidden\" name=\"_wpcf7cf_options\" value=\"{&quot;form_id&quot;:578,&quot;conditions&quot;:[],&quot;settings&quot;:{&quot;animation&quot;:&quot;yes&quot;,&quot;animation_intime&quot;:200,&quot;animation_outtime&quot;:200,&quot;conditions_ui&quot;:&quot;normal&quot;,&quot;notice_dismissed&quot;:false,&quot;notice_dismissed_update-cf7-5.8&quot;:true,&quot;notice_dismissed_update-cf7-5.8.2&quot;:true}}\" \/><input type=\"hidden\" name=\"_wpcf7_recaptcha_response\" value=\"\" \/>\n<\/fieldset>\n<p><label> Votre nom (obligatoire)<br \/>\n<span class=\"wpcf7-form-control-wrap\" data-name=\"your-name\"><input size=\"40\" maxlength=\"400\" class=\"wpcf7-form-control wpcf7-text wpcf7-validates-as-required\" aria-required=\"true\" aria-invalid=\"false\" value=\"\" type=\"text\" name=\"your-name\" \/><\/span> <\/label>\n<\/p>\n<p><label> Votre adresse de messagerie (obligatoire)<br \/>\n<span class=\"wpcf7-form-control-wrap\" data-name=\"your-email\"><input size=\"40\" maxlength=\"400\" class=\"wpcf7-form-control wpcf7-email wpcf7-validates-as-required wpcf7-text wpcf7-validates-as-email\" aria-required=\"true\" aria-invalid=\"false\" value=\"\" type=\"email\" name=\"your-email\" \/><\/span> <\/label>\n<\/p>\n<p><label> Objet<br \/>\n<span class=\"wpcf7-form-control-wrap\" data-name=\"your-subject\"><input size=\"40\" maxlength=\"400\" class=\"wpcf7-form-control wpcf7-text\" aria-invalid=\"false\" value=\"\" type=\"text\" name=\"your-subject\" \/><\/span> <\/label>\n<\/p>\n<p><label> Votre message<br \/>\n<span class=\"wpcf7-form-control-wrap\" data-name=\"your-message\"><textarea cols=\"40\" rows=\"10\" maxlength=\"2000\" class=\"wpcf7-form-control wpcf7-textarea\" aria-invalid=\"false\" name=\"your-message\"><\/textarea><\/span> <\/label>\n<\/p>\n<p><input class=\"wpcf7-form-control wpcf7-submit has-spinner\" type=\"submit\" value=\"Envoyer\" \/>\n<\/p><p style=\"display: none !important;\" class=\"akismet-fields-container\" data-prefix=\"_wpcf7_ak_\"><label>&#916;<textarea name=\"_wpcf7_ak_hp_textarea\" cols=\"45\" rows=\"8\" maxlength=\"100\"><\/textarea><\/label><input type=\"hidden\" id=\"ak_js_1\" name=\"_wpcf7_ak_js\" value=\"72\"\/><script>document.getElementById( \"ak_js_1\" ).setAttribute( \"value\", ( new Date() ).getTime() );<\/script><\/p><div class=\"wpcf7-response-output\" aria-hidden=\"true\"><\/div>\n<\/form>\n<\/div>\n<\/span><\/p>\n","protected":false},"excerpt":{"rendered":"<p>Accompagnement dans les apprentissages du primaire et le d\u00e9veloppement des connaissances dans le secondaire. Une dizaine de b\u00e9n\u00e9voles accompagne une quarantaine d\u2019enfants et d\u2019adolescents dans l\u2019acquisition des apprentissages. Chaque mercredi, l&rsquo;ASTI accueille des enfants de primaire. Les liens sont \u00e9troits avec l\u2019\u00e9cole et les enseignants. Il s\u2019agit d\u2019un accompagnement, d\u2019un soutien, d\u2019un \u00e9change. Les enfants [&hellip;]<\/p>\n","protected":false},"author":1,"featured_media":0,"parent":17,"menu_order":0,"comment_status":"closed","ping_status":"closed","template":"","meta":{"footnotes":""},"class_list":["post-49","page","type-page","status-publish","hentry"],"yoast_head":"<!-- This site is optimized with the Yoast SEO plugin v27.3 - https:\/\/yoast.com\/product\/yoast-seo-wordpress\/ -->\n<title>L&#039;accompagnement \u00e0 la scolarit\u00e9 - ASTI 71<\/title>\n<meta name=\"description\" content=\"Accompagnement dans les apprentissages du primaire et le d\u00e9veloppement des connaissances dans le secondaire.Une dizaine de b\u00e9n\u00e9voles accompagne une quarantaine d\u2019enfants et d\u2019adolescents dans l\u2019acquisition des apprentissages.\" \/>\n<meta name=\"robots\" content=\"index, follow, max-snippet:-1, max-image-preview:large, max-video-preview:-1\" \/>\n<link rel=\"canonical\" href=\"https:\/\/asti71.org\/index.php\/nos-actions\/accompagnement-scolaire\/\" \/>\n<meta property=\"og:locale\" content=\"fr_FR\" \/>\n<meta property=\"og:type\" content=\"article\" \/>\n<meta property=\"og:title\" content=\"L&#039;accompagnement \u00e0 la scolarit\u00e9 - ASTI 71\" \/>\n<meta property=\"og:description\" content=\"Accompagnement dans les apprentissages du primaire et le d\u00e9veloppement des connaissances dans le secondaire.Une dizaine de b\u00e9n\u00e9voles accompagne une quarantaine d\u2019enfants et d\u2019adolescents dans l\u2019acquisition des apprentissages.\" \/>\n<meta property=\"og:url\" content=\"https:\/\/asti71.org\/index.php\/nos-actions\/accompagnement-scolaire\/\" \/>\n<meta property=\"og:site_name\" content=\"ASTI 71\" \/>\n<meta property=\"article:publisher\" content=\"https:\/\/www.facebook.com\/asti.chalon\/\" \/>\n<meta property=\"article:modified_time\" content=\"2026-04-02T14:41:12+00:00\" \/>\n<meta property=\"og:image\" content=\"https:\/\/asti71.org\/wp-content\/uploads\/2022\/10\/IMG-20221021-WA0001.jpg\" \/>\n\t<meta property=\"og:image:width\" content=\"1600\" \/>\n\t<meta property=\"og:image:height\" content=\"1200\" \/>\n\t<meta property=\"og:image:type\" content=\"image\/jpeg\" \/>\n<meta name=\"twitter:card\" content=\"summary_large_image\" \/>\n<meta name=\"twitter:label1\" content=\"Dur\u00e9e de lecture estim\u00e9e\" \/>\n\t<meta name=\"twitter:data1\" content=\"2 minutes\" \/>\n<script type=\"application\/ld+json\" class=\"yoast-schema-graph\">{\"@context\":\"https:\\\/\\\/schema.org\",\"@graph\":[{\"@type\":\"WebPage\",\"@id\":\"https:\\\/\\\/asti71.org\\\/index.php\\\/nos-actions\\\/accompagnement-scolaire\\\/\",\"url\":\"https:\\\/\\\/asti71.org\\\/index.php\\\/nos-actions\\\/accompagnement-scolaire\\\/\",\"name\":\"L'accompagnement \u00e0 la scolarit\u00e9 - ASTI 71\",\"isPartOf\":{\"@id\":\"https:\\\/\\\/asti71.org\\\/#website\"},\"primaryImageOfPage\":{\"@id\":\"https:\\\/\\\/asti71.org\\\/index.php\\\/nos-actions\\\/accompagnement-scolaire\\\/#primaryimage\"},\"image\":{\"@id\":\"https:\\\/\\\/asti71.org\\\/index.php\\\/nos-actions\\\/accompagnement-scolaire\\\/#primaryimage\"},\"thumbnailUrl\":\"https:\\\/\\\/asti71.org\\\/wp-content\\\/uploads\\\/2022\\\/10\\\/IMG-20221021-WA0001-300x225.jpg\",\"datePublished\":\"2017-08-17T08:52:18+00:00\",\"dateModified\":\"2026-04-02T14:41:12+00:00\",\"description\":\"Accompagnement dans les apprentissages du primaire et le d\u00e9veloppement des connaissances dans le secondaire.Une dizaine de b\u00e9n\u00e9voles accompagne une quarantaine d\u2019enfants et d\u2019adolescents dans l\u2019acquisition des apprentissages.\",\"breadcrumb\":{\"@id\":\"https:\\\/\\\/asti71.org\\\/index.php\\\/nos-actions\\\/accompagnement-scolaire\\\/#breadcrumb\"},\"inLanguage\":\"fr-FR\",\"potentialAction\":[{\"@type\":\"ReadAction\",\"target\":[\"https:\\\/\\\/asti71.org\\\/index.php\\\/nos-actions\\\/accompagnement-scolaire\\\/\"]}]},{\"@type\":\"ImageObject\",\"inLanguage\":\"fr-FR\",\"@id\":\"https:\\\/\\\/asti71.org\\\/index.php\\\/nos-actions\\\/accompagnement-scolaire\\\/#primaryimage\",\"url\":\"https:\\\/\\\/asti71.org\\\/wp-content\\\/uploads\\\/2022\\\/10\\\/IMG-20221021-WA0001.jpg\",\"contentUrl\":\"https:\\\/\\\/asti71.org\\\/wp-content\\\/uploads\\\/2022\\\/10\\\/IMG-20221021-WA0001.jpg\",\"width\":1600,\"height\":1200},{\"@type\":\"BreadcrumbList\",\"@id\":\"https:\\\/\\\/asti71.org\\\/index.php\\\/nos-actions\\\/accompagnement-scolaire\\\/#breadcrumb\",\"itemListElement\":[{\"@type\":\"ListItem\",\"position\":1,\"name\":\"Accueil\",\"item\":\"https:\\\/\\\/asti71.org\\\/\"},{\"@type\":\"ListItem\",\"position\":2,\"name\":\"Nos actions\",\"item\":\"https:\\\/\\\/asti71.org\\\/index.php\\\/nos-actions\\\/\"},{\"@type\":\"ListItem\",\"position\":3,\"name\":\"L&rsquo;accompagnement \u00e0 la scolarit\u00e9\"}]},{\"@type\":\"WebSite\",\"@id\":\"https:\\\/\\\/asti71.org\\\/#website\",\"url\":\"https:\\\/\\\/asti71.org\\\/\",\"name\":\"ASTI 71\",\"description\":\"\",\"publisher\":{\"@id\":\"https:\\\/\\\/asti71.org\\\/#organization\"},\"potentialAction\":[{\"@type\":\"SearchAction\",\"target\":{\"@type\":\"EntryPoint\",\"urlTemplate\":\"https:\\\/\\\/asti71.org\\\/?s={search_term_string}\"},\"query-input\":{\"@type\":\"PropertyValueSpecification\",\"valueRequired\":true,\"valueName\":\"search_term_string\"}}],\"inLanguage\":\"fr-FR\"},{\"@type\":\"Organization\",\"@id\":\"https:\\\/\\\/asti71.org\\\/#organization\",\"name\":\"ASTI 71\",\"url\":\"https:\\\/\\\/asti71.org\\\/\",\"logo\":{\"@type\":\"ImageObject\",\"inLanguage\":\"fr-FR\",\"@id\":\"https:\\\/\\\/asti71.org\\\/#\\\/schema\\\/logo\\\/image\\\/\",\"url\":\"https:\\\/\\\/asti71.org\\\/wp-content\\\/uploads\\\/2017\\\/10\\\/cropped-logo-e1508600698583.png\",\"contentUrl\":\"https:\\\/\\\/asti71.org\\\/wp-content\\\/uploads\\\/2017\\\/10\\\/cropped-logo-e1508600698583.png\",\"width\":100,\"height\":67,\"caption\":\"ASTI 71\"},\"image\":{\"@id\":\"https:\\\/\\\/asti71.org\\\/#\\\/schema\\\/logo\\\/image\\\/\"},\"sameAs\":[\"https:\\\/\\\/www.facebook.com\\\/asti.chalon\\\/\"]}]}<\/script>\n<!-- \/ Yoast SEO plugin. -->","yoast_head_json":{"title":"L'accompagnement \u00e0 la scolarit\u00e9 - ASTI 71","description":"Accompagnement dans les apprentissages du primaire et le d\u00e9veloppement des connaissances dans le secondaire.Une dizaine de b\u00e9n\u00e9voles accompagne une quarantaine d\u2019enfants et d\u2019adolescents dans l\u2019acquisition des apprentissages.","robots":{"index":"index","follow":"follow","max-snippet":"max-snippet:-1","max-image-preview":"max-image-preview:large","max-video-preview":"max-video-preview:-1"},"canonical":"https:\/\/asti71.org\/index.php\/nos-actions\/accompagnement-scolaire\/","og_locale":"fr_FR","og_type":"article","og_title":"L'accompagnement \u00e0 la scolarit\u00e9 - ASTI 71","og_description":"Accompagnement dans les apprentissages du primaire et le d\u00e9veloppement des connaissances dans le secondaire.Une dizaine de b\u00e9n\u00e9voles accompagne une quarantaine d\u2019enfants et d\u2019adolescents dans l\u2019acquisition des apprentissages.","og_url":"https:\/\/asti71.org\/index.php\/nos-actions\/accompagnement-scolaire\/","og_site_name":"ASTI 71","article_publisher":"https:\/\/www.facebook.com\/asti.chalon\/","article_modified_time":"2026-04-02T14:41:12+00:00","og_image":[{"width":1600,"height":1200,"url":"https:\/\/asti71.org\/wp-content\/uploads\/2022\/10\/IMG-20221021-WA0001.jpg","type":"image\/jpeg"}],"twitter_card":"summary_large_image","twitter_misc":{"Dur\u00e9e de lecture estim\u00e9e":"2 minutes"},"schema":{"@context":"https:\/\/schema.org","@graph":[{"@type":"WebPage","@id":"https:\/\/asti71.org\/index.php\/nos-actions\/accompagnement-scolaire\/","url":"https:\/\/asti71.org\/index.php\/nos-actions\/accompagnement-scolaire\/","name":"L'accompagnement \u00e0 la scolarit\u00e9 - ASTI 71","isPartOf":{"@id":"https:\/\/asti71.org\/#website"},"primaryImageOfPage":{"@id":"https:\/\/asti71.org\/index.php\/nos-actions\/accompagnement-scolaire\/#primaryimage"},"image":{"@id":"https:\/\/asti71.org\/index.php\/nos-actions\/accompagnement-scolaire\/#primaryimage"},"thumbnailUrl":"https:\/\/asti71.org\/wp-content\/uploads\/2022\/10\/IMG-20221021-WA0001-300x225.jpg","datePublished":"2017-08-17T08:52:18+00:00","dateModified":"2026-04-02T14:41:12+00:00","description":"Accompagnement dans les apprentissages du primaire et le d\u00e9veloppement des connaissances dans le secondaire.Une dizaine de b\u00e9n\u00e9voles accompagne une quarantaine d\u2019enfants et d\u2019adolescents dans l\u2019acquisition des apprentissages.","breadcrumb":{"@id":"https:\/\/asti71.org\/index.php\/nos-actions\/accompagnement-scolaire\/#breadcrumb"},"inLanguage":"fr-FR","potentialAction":[{"@type":"ReadAction","target":["https:\/\/asti71.org\/index.php\/nos-actions\/accompagnement-scolaire\/"]}]},{"@type":"ImageObject","inLanguage":"fr-FR","@id":"https:\/\/asti71.org\/index.php\/nos-actions\/accompagnement-scolaire\/#primaryimage","url":"https:\/\/asti71.org\/wp-content\/uploads\/2022\/10\/IMG-20221021-WA0001.jpg","contentUrl":"https:\/\/asti71.org\/wp-content\/uploads\/2022\/10\/IMG-20221021-WA0001.jpg","width":1600,"height":1200},{"@type":"BreadcrumbList","@id":"https:\/\/asti71.org\/index.php\/nos-actions\/accompagnement-scolaire\/#breadcrumb","itemListElement":[{"@type":"ListItem","position":1,"name":"Accueil","item":"https:\/\/asti71.org\/"},{"@type":"ListItem","position":2,"name":"Nos actions","item":"https:\/\/asti71.org\/index.php\/nos-actions\/"},{"@type":"ListItem","position":3,"name":"L&rsquo;accompagnement \u00e0 la scolarit\u00e9"}]},{"@type":"WebSite","@id":"https:\/\/asti71.org\/#website","url":"https:\/\/asti71.org\/","name":"ASTI 71","description":"","publisher":{"@id":"https:\/\/asti71.org\/#organization"},"potentialAction":[{"@type":"SearchAction","target":{"@type":"EntryPoint","urlTemplate":"https:\/\/asti71.org\/?s={search_term_string}"},"query-input":{"@type":"PropertyValueSpecification","valueRequired":true,"valueName":"search_term_string"}}],"inLanguage":"fr-FR"},{"@type":"Organization","@id":"https:\/\/asti71.org\/#organization","name":"ASTI 71","url":"https:\/\/asti71.org\/","logo":{"@type":"ImageObject","inLanguage":"fr-FR","@id":"https:\/\/asti71.org\/#\/schema\/logo\/image\/","url":"https:\/\/asti71.org\/wp-content\/uploads\/2017\/10\/cropped-logo-e1508600698583.png","contentUrl":"https:\/\/asti71.org\/wp-content\/uploads\/2017\/10\/cropped-logo-e1508600698583.png","width":100,"height":67,"caption":"ASTI 71"},"image":{"@id":"https:\/\/asti71.org\/#\/schema\/logo\/image\/"},"sameAs":["https:\/\/www.facebook.com\/asti.chalon\/"]}]}},"_links":{"self":[{"href":"https:\/\/asti71.org\/index.php\/wp-json\/wp\/v2\/pages\/49","targetHints":{"allow":["GET"]}}],"collection":[{"href":"https:\/\/asti71.org\/index.php\/wp-json\/wp\/v2\/pages"}],"about":[{"href":"https:\/\/asti71.org\/index.php\/wp-json\/wp\/v2\/types\/page"}],"author":[{"embeddable":true,"href":"https:\/\/asti71.org\/index.php\/wp-json\/wp\/v2\/users\/1"}],"replies":[{"embeddable":true,"href":"https:\/\/asti71.org\/index.php\/wp-json\/wp\/v2\/comments?post=49"}],"version-history":[{"count":15,"href":"https:\/\/asti71.org\/index.php\/wp-json\/wp\/v2\/pages\/49\/revisions"}],"predecessor-version":[{"id":2534,"href":"https:\/\/asti71.org\/index.php\/wp-json\/wp\/v2\/pages\/49\/revisions\/2534"}],"up":[{"embeddable":true,"href":"https:\/\/asti71.org\/index.php\/wp-json\/wp\/v2\/pages\/17"}],"wp:attachment":[{"href":"https:\/\/asti71.org\/index.php\/wp-json\/wp\/v2\/media?parent=49"}],"curies":[{"name":"wp","href":"https:\/\/api.w.org\/{rel}","templated":true}]}}